/81 + (-4)/(-18). Let k be 1 + 1 + j + 125. Suppose -24 = 3*f + 2*o - k, 152 = 5*f - 4*o. What is the tens digit of f?
3
Suppose -22275 = -17*d + 8*d. What is the units digit of d?
5
Suppose 4*z = -4, -3*z + 5 = -5*c + 43. Let y = c - 11. What is the units digit of y/18 - (-4520)/90?
0
Let d(x) = x - 6. Let y be d(7). Let n(w) = 119*w - 6. What is the hundreds digit of n(y)?
1
Suppose 99 = -7*b + 8471. What is the units digit of b?
6
Let m(z) = -1459*z**3 - 3*z**2 - 4*z. What is the tens digit of m(-1)?
6
Let p(j) = 2*j**2 + 6*j + 6. Let w(t) = 3*t**2 + 7*t + 7. Let o(d) = -4*p(d) + 3*w(d). Let r be o(-2). Suppose r = y - 8. What is the tens digit of y?
1
Let m be 171/63 + 4/14. What is the tens digit of m/1 + 48 + 2/(-2)?
5
Let k = -11493 - -16120. What is the thousands digit of k?
4
Let q = -4377 + 6624. What is the thousands digit of q?
2
Suppose -4*j + 16 = -0*j. Suppose j*x - 17 - 11 = a, -2*x = -4*a - 84. Let s = a - -40. What is the units digit of s?
0
Let u = 875 + -582. What is the tens digit of u?
9
Let i = -95 + 99. What is the units digit of 155/(-25)*(-5)/i*16?
4
What is the tens digit of (12/(-8))/(4 - (-2227)/(-556))?
7
Suppose -3*m - 2*p = m - 6, m - 5*p = -15. Suppose m = -2*c - 4*v + 108, 0 = 4*c - 0*c - 3*v - 205. What is the tens digit of c?
5
Let b(y) = -120*y - 16. What is the units digit of b(-3)?
4
What is the tens digit of 7678/16 - (-10 + 316/32)?
8
Let m be (-50)/(-4)*(-16)/(-40). Suppose -3*n + 7*n - 92 = -m*f, 2*f = -4*n + 80. What is the tens digit of n?
1
Suppose -4*s - 5 + 21 = 0. Suppose 0*h = s*h - 128. Let d = h - 9. What is the tens digit of d?
2
Let r(v) = v**3 - 3*v**2 - 2*v - 7. Let t = -21 + 26. What is the units digit of r(t)?
3
Suppose -69252 = -280*r + 268*r. What is the units digit of r?
1
Suppose 26*d - 2275 = 10933. What is the hundreds digit of d?
5
Let n(q) = 2*q**2 - 2*q + 6. Let a(j) = -j**3 - j**2 - 1. Let v(l) = -a(l) - n(l). What is the hundreds digit of v(5)?
1
What is the hundreds digit of 65151/117 - -2*5/65?
5
Let m(y) = -3*y + 21. Let w be m(8). What is the units digit of 5 + 68 - 2 - w/(-1)?
8
Suppose c + 0 = -3, -1905 = -4*b - 5*c. Let y = b + -323. What is the units digit of y?
7
Let p = -73 - -43. Let m be (-15)/(-2) + (-15)/p. Suppose 0 = m*u - 3*u - 125. What is the tens digit of u?
2
Let z(i) = i**2 - 4*i - 30. Let r be 5*(7/(-21) - 10/6). What is the tens digit of z(r)?
1
Suppose 0 = -13*m + 9*m - 2*c + 9088, -4552 = -2*m + c. What is the tens digit of m?
7
Suppose -219 = -a - 2*a. Suppose -5*i = 25, -h - a = -i - 244. What is the units digit of h?
6
Suppose 0 = -4*k - 8, -6*c - 77 = -7*c - k. What is the tens digit of c?
7
Let a(o) = -7*o**3 - 10*o**2 - 3*o - 68. What is the hundreds digit of a(-6)?
1
Let z(m) = -m**3 - 2*m**2 + 10*m - 2. Let l be z(-8). Let t = -206 + l. What is the units digit of t?
6
Suppose 5*g = -a - 4*a + 5875, 5*a + 4*g - 5870 = 0. Suppose -9*u - a = -18*u. What is the units digit of u?
0
Suppose 5*r + 19 = -1. Let u be (9/(-6))/((-2)/r). What is the units digit of (u/6)/(1/(-92))?
6
Let b(w) = 244*w - 17. What is the tens digit of b(1)?
2
Let t(u) = 6 + 7 + u + 3 + 3. Let z be t(-9). Suppose k - z + 2 = 0. What is the units digit of k?
8
Let q be -2 - 0 - (-2 + 0). Suppose 5*w + 0*w - 100 = q. What is the tens digit of w?
2
Suppose -5*d - 9 - 6 = 0. Let o be 5 - (-1 - (d + 0)). What is the units digit of 52/o + (-7)/21?
7
Let s = -1242 + 3909. What is the tens digit of s?
6
Suppose 5*c = 5*n - 2055, 2*c - 304 = -n + 98. Suppose -4*j + n = 2*j. What is the tens digit of j?
6
Let i be (-6)/(-27) + 34/9. Suppose -i*f + 29 = -2*o - 35, 3*f + 4*o - 59 = 0. Let y = f + 1. What is the units digit of y?
8
Let h = -418 - -1526. What is the units digit of h?
8
Suppose 3*r = 2*j - 995, -j - 4*j = -2*r - 2493. What is the hundreds digit of j?
4
What is the hundreds digit of ((-10)/(-55) - (-8664)/22) + -2?
3
Suppose 2*i - 1041 - 963 = 0. What is the thousands digit of i?
1
Suppose 0 = -3*l - 90 - 45. Let r(b) = 11*b - 189. Let o be r(23). Let j = o + l. What is the units digit of j?
9
Let j = 8 + -8. Suppose j = -2*m + 5*y + 46, 6*y - 19 = -3*m + y. What is the units digit of m?
3
What is the tens digit of 4/18 - (-337295)/315?
7
Let g(w) = -w. Let n(h) = h**2 - 3*h - 6. Let z(x) = -5*g(x) + n(x). What is the units digit of z(-10)?
4
Let l(b) = -b**2 + 11*b + 20. What is the units digit of l(10)?
0
Let t(c) = 7*c - 26 - 2*c + c**2 + 17. What is the tens digit of t(-12)?
7
Let b(y) be the first derivative of -y**2/2 + 10*y - 5. Let z be b(10). What is the units digit of (19 - 13) + (z - 0)?
6
Let c = -330 + 997. What is the tens digit of c?
6
Suppose 4*z + 57 = -59. Let q be (33 - 0)*10/6. Let i = z + q. What is the units digit of i?
6
Let t(l) = 3*l + 1. Let x be t(1). Suppose -v = 2*d - 7, x*v - 15 = -4*d + v. Suppose 105 - 24 = 3*r + 5*c, d*r + 2*c = 81. What is the tens digit of r?
2
Suppose -18*n = -4*n - 11718. What is the hundreds digit of n?
8
Let p = 782 + 1182. What is the tens digit of p?
6
What is the tens digit of -5*1845/(-11 - -8)?
7
Suppose 0 = -5*l + 3*k + 1036, 3*l - 7*l + k + 833 = 0. Suppose l = -3*d - 49. Let x = -32 - d. What is the units digit of x?
4
Suppose 8*c = 10*c + 12. Let o be ((-8)/(-12))/(c/(-261)). Suppose 0 = 5*z - o - 246. What is the units digit of z?
5
Let c be 64/10 + -3 - (-8)/(-20). Suppose -u + 298 = c*t, 2*u = -2*t + 233 - 41. What is the units digit of t?
1
Let p(w) = -w**2 - 11*w - 3. Let y(z) be the first derivative of z**3/3 + 9*z**2/2 + 5*z - 2. Let j be y(-7). What is the tens digit of p(j)?
1
Let k be (0 - (-13)/5) + (-42)/(-105). What is the tens digit of (872/(-12))/((-2)/k)?
0
Let b be (22 - 2)*21*1/3. What is the units digit of b/5 + (4 - 1)?
1
Let q(s) = 6*s - 45. Let i be q(22). Let j = i - 73. What is the tens digit of j?
1
Suppose 2*w = -2*a + 20, 3*w - 32 = -w - 2*a. Suppose g = 3*q - 175, 3*q + 0*q - 5*g = 155. Suppose -d - q = -w*d. What is the units digit of d?
2
Let z(r) = -r**3 - r**2 + r + 4. Let o(x) = -2*x + 8. Let l be o(4). Let h be z(l). Suppose 0 = -2*q + h + 24. What is the tens digit of q?
1
Let y be -1 + 1 + 3 + 59. Suppose 0 = s - m - 64, -s + y = 4*m - 12. Suppose 3*l - i - 2*i = s, 4*i - 72 = -4*l. What is the tens digit of l?
2
Let y = -52 + 21. Let t = y - -42. Suppose 13*l - 50 = t*l. What is the units digit of l?
5
Let r be -70 + 4/(-3) + (-6)/9. Let x = -38 - r. What is the units digit of x?
4
Suppose -3*x - 130 = -4*x + 2*n, n + 641 = 5*x. What is the units digit of x - (0/(-1) + 6/2)?
5
Suppose 2*d + 2*z + 7 = d, 2*d - z + 29 = 0. Let k = -11 - d. What is the tens digit of ((-1)/k*-62)/1?
3
Suppose 5*p = 0, 5*p + 13 = 5*m - 62. What is the units digit of 36/m*60/18?
8
Suppose -4*i + 1892 = -2624. What is the thousands digit of i?
1
Let i(l) = 16*l**2 + 2*l - 40. Let m be i(11). Suppose -2*r = -16*r + m. What is the units digit of r?
7
Let z(i) = 42*i - 136. What is the hundreds digit of z(28)?
0
Suppose -2*x - 4*j = -1148, -x + j - 570 = -2*x. What is the tens digit of x?
6
Let n(i) = -4*i + 21. Let o be n(-9). Suppose 26 - 3 = -m. Let p = o + m. What is the units digit of p?
4
Suppose -3*w = -w + 2*d - 4, 3*d = -4*w + 8. Suppose -5*l + 4*l - a + 9 = 0, l - w*a = -3. What is the tens digit of 260/l - (-2 + 2)?
5
Let m be 380/90 - (-4)/(-18). Suppose -3*u + m*u = -46. Let g = 79 + u. What is the units digit of g?
3
Suppose 2*x - 5*k - 10 = 8, k - 61 = -3*x. Let b be 4 + -3 + x/1. Suppose -3*y + b = -y. What is the units digit of y?
0
Let b = 9 + -9. Suppose -15 = -3*g, b = 2*v - v - 5*g + 7. What is the units digit of v?
8
Let l(f) = 46*f**2 - 34*f + 17. What is the tens digit of l(7)?
3
Let h be 1*8*(-2)/4. Let x = 19 + h. Suppose 34 + x = q. What is the units digit of q?
9
Let f(h) = -4*h**2 - 9*h - 14. Let r(p) = 3*p**2 + 9*p + 15. Let l(x) = 4*f(x) + 5*r(x). What is the tens digit of l(7)?
3
Let q(c) be the first derivative of 30*c**2 - 15*c - 25. What is the units digit of q(2)?
5
Let s be (339 + 2 + -2)*(-72)/(-27). Suppose 5*v - s = 2*c - 194, 2*c + 134 = v. What is the tens digit of v?
4
Let h = -846 - -585. Let s = h + 448. What is the hundreds digit of s?
1
What is the tens digit of 129*2*(30/(-4) - -8)?
2
Let k = 113 + -109. Suppose 0*n = 5*g + 4*n - 612, -k*n - 588 = 